are the prime factors of 12131478?
2, 3, 31, 7247
List the prime factors of 29480.
2, 5, 11, 67
What are the prime factors of 3582587?
191, 18757
List the prime factors of 3025738.
2, 43, 151, 233
What are the prime factors of 2819246?
2, 17, 283, 293
List the prime factors of 934636.
2, 41, 139
List the prime factors of 546234.
2, 3, 13, 47, 149
List the prime factors of 10569691.
11, 607, 1583
What are the prime factors of 367753?
31, 11863
What are the prime factors of 820255?
5, 164051
List the prime factors of 1062580.
2, 5, 53129
What are the prime factors of 2755399?
19, 145021
List the prime factors of 29611.
29611
List the prime factors of 1153608.
2, 3, 71, 677
List the prime factors of 366750.
2, 3, 5, 163
What are the prime factors of 1326761?
373, 3557
What are the prime factors of 566048?
2, 7, 19
List the prime factors of 61303.
11, 5573
List the prime factors of 88876.
2, 17, 1307
List the prime factors of 289719.
3, 32191
List the prime factors of 17160240.
2, 3, 5, 127, 563
List the prime factors of 29560619.
11, 2687329
List the prime factors of 10489762.
2, 5244881
List the prime factors of 533637.
3, 13, 4561
What are the prime factors of 1000613?
331, 3023
What are the prime factors of 1755513?
3, 21673
What are the prime factors of 1425723?
3, 13, 139, 263
List the prime factors of 7813038.
2, 3, 1302173
What are the prime factors of 21836?
2, 53, 103
What are the prime factors of 2302070?
2, 5, 23, 10009
List the prime factors of 1295120.
2, 5, 16189
What are the prime factors of 2309538?
2, 3, 7, 11, 4999
What are the prime factors of 2626331?
941, 2791
List the prime factors of 2122999.
433, 4903
What are the prime factors of 1698?
2, 3, 283
List the prime factors of 40301198.
2, 7, 23, 257, 487
List the prime factors of 9182271.
3, 7, 331, 1321
List the prime factors of 8838549.
3, 982061
List the prime factors of 3381129.
3, 97, 1291
List the prime factors of 1600302.
2, 3, 11, 24247
List the prime factors of 1169025.
3, 5, 11, 13, 109
What are the prime factors of 411472?
2, 25717
What are the prime factors of 6199873?
6199873
What are the prime factors of 2213108?
2, 553277
What are the prime factors of 99996?
2, 3, 13, 641
List the prime factors of 147603.
3, 49201
List the prime factors of 5134344.
2, 3, 31, 67, 103
What are the prime factors of 26742384?
2, 3, 185711
List the prime factors of 190883.
7, 11, 37, 67
List the prime factors of 169018.
2, 84509
What are the prime factors of 4924279?
991, 4969
List the prime factors of 231204.
2, 3, 19267
What are the prime factors of 236087?
236087
List the prime factors of 8578451.
7, 1225493
What are the prime factors of 182880?
2, 3, 5, 127
List the prime factors of 1161800.
2, 5, 37, 157
What are the prime factors of 1436580?
2, 3, 5, 23, 347
List the prime factors of 38648.
2, 4831
What are the prime factors of 1499287?
1499287
List the prime factors of 1015190.
2, 5, 11, 839
What are the prime factors of 10754138?
2, 919, 5851
What are the prime factors of 30812693?
191, 161323
List the prime factors of 16090370.
2, 5, 1609037
List the prime factors of 318810.
2, 3, 5, 10627
List the prime factors of 704055.
3, 5, 11, 17, 251
What are the prime factors of 4777097?
13, 367469
What are the prime factors of 323562?
2, 3, 53927
List the prime factors of 8592234.
2, 3, 7, 149, 1373
List the prime factors of 5236712.
2, 13, 43, 1171
What are the prime factors of 12055275?
3, 5, 131, 409
List the prime factors of 853053.
3, 181, 1571
List the prime factors of 56421.
3, 6269
What are the prime factors of 1825089?
3, 7, 233, 373
List the prime factors of 246153.
3, 82051
What are the prime factors of 2666334?
2, 3, 11, 71, 569
What are the prime factors of 12468898?
2, 13, 23, 29, 719
List the prime factors of 380062.
2, 190031
What are the prime factors of 6754384?
2, 7, 13, 4639
List the prime factors of 21037691.
179, 117529
List the prime factors of 609337.
609337
List the prime factors of 174519.
3, 19391
List the prime factors of 2839735.
5, 567947
List the prime factors of 5515430.
2, 5, 551543
List the prime factors of 938040.
2, 3, 5, 7817
List the prime factors of 735491.
735491
What are the prime factors of 24008?
2, 3001
List the prime factors of 1558610.
2, 5, 155861
List the prime factors of 50778.
2, 3, 7, 13, 31
What are the prime factors of 6873028?
2, 59, 29123
What are the prime factors of 393528?
2, 3, 19, 863
List the prime factors of 6061091.
6061091
List the prime factors of 942369.
3, 31, 10133
List the prime factors of 171848.
2, 21481
What are the prime factors of 356995?
5, 71399
What are the prime factors of 164037?
3, 54679
What are the prime factors of 4046217?
3, 7, 192677
What are the prime factors of 307502?
2, 13, 11827
List the prime factors of 1020530.
2, 5, 7, 61, 239
List the prime factors of 5140741.
5140741
What are the prime factors of 36469?
36469
What are the prime factors of 94956?
2, 3, 41, 193
List the prime factors of 3836990.
2, 5, 29, 101, 131
What are the prime factors of 228876?
2, 3, 19073
What are the prime factors of 28625995?
5, 41, 311, 449
List the prime factors of 9664000.
2, 5, 151
What are the prime factors of 242994?
2, 3, 40499
What are the prime factors of 138991?
131, 1061
What are the prime factors of 90669?
3, 30223
List the prime factors of 172992.
2, 3, 17, 53
List the prime factors of 3931102.
2, 7, 37, 7589
What are the prime factors of 832504?
2, 19, 5477
What are the prime factors of 75488?
2, 7, 337
What are the prime factors of 8821402?
2, 17, 259453
List the prime factors of 1106211.
3, 368737
What are the prime factors of 40685141?
7, 830309
What are the prime factors of 317063?
317063
List the prime factors of 992247.
3, 330749
List the prime factors of 430044.
2, 3, 35837
What are the prime factors of 1855205?
5, 11, 89, 379
What are the prime factors of 947401?
7, 13, 29, 359
What are the prime factors of 22623?
3, 7541
What are the prime factors of 403188?
2, 3, 33599
What are the prime factors of 4014838?
2, 277, 7247
What are the prime factors of 16177684?
2, 4044421
What are the prime factors of 616266?
2, 3, 7, 67, 73
List the prime factors of 2705828.
2, 19, 35603
List the prime factors of 5855451.
3, 7, 61, 653
List the prime factors of 1506774.
2, 3, 107, 2347
List the prime factors of 3945076.
2, 181, 5449
What are the prime factors of 677181?
3, 53, 4259
List the prime factors of 447950.
2, 5, 17, 31
What are the prime factors of 185964?
2, 3, 15497
List the prime factors of 23614554.
2, 3, 3935759
List the prime factors of 175159.
107, 1637
What are the prime factors of 878917?
13, 17, 41, 97
List the prime factors of 286139.
7, 41, 997
List the prime factors of 1169560.
2, 5, 7, 4177
What are the prime factors of 650853?
3, 7, 10331
List the prime factors of 1567286.
2, 7, 111949
List the prime factors of 508130.
2, 5, 7, 17, 61
What are the prime factors of 497433?
3, 165811
List the prime factors of 2568077.
1097, 2341
What are the prime factors of 897672?
2, 3, 113, 331
What are the prime factors of 2886884?
2, 7, 11, 13, 103
List the prime factors of 1492007.
11, 135637
List the prime factors of 1487328.
2, 3, 15493
List the prime factors of 661433.
191, 3463
List the prime factors of 486080.
2, 5, 7, 31
What are the prime factors of 14404648?
2, 29, 2141
List the prime factors of 146077.
146077
What are the prime factors of 765518?
2, 13, 29443
List the prime factors of 1272693.
3, 424231
List the prime factors of 102330.
2, 3, 5, 379
What are the prime factors of 363895?
5, 7, 37, 281
What are the prime factors of 8343?
3, 103
What are the prime factors of 2659427?
449, 5923
List the prime factors of 5763940.
2, 5, 7, 13, 3167
What are the prime factors of 1402316?
2, 31, 43, 263
List the prime factors of 189300.
2, 3, 5, 631
What are the prime factors of 859068?
2, 3, 7, 487
What are the prime factors of 48387?
3, 127
List the prime factors of 8478418.
2, 13, 59, 5527
List the prime factors of 8467787.
19, 349, 1277
List the prime factors of 6297499.
13, 197, 2459
List the prime factors of 2320947.
3, 67, 1283
What are the prime factors of 3927290?
2, 5, 607, 647
List the prime factors of 6425183.
97, 66239
What are the prime factors of 1593366?
2, 3, 265561
What are 